{"id":330,"date":"2020-08-20T07:05:22","date_gmt":"2020-08-20T07:05:22","guid":{"rendered":"https:\/\/cantinesangiorgi.it\/?page_id=330"},"modified":"2020-08-20T07:46:06","modified_gmt":"2020-08-20T07:46:06","slug":"oltrepo-pavese-un-territorio-vocato-alla-vitivicoltura","status":"publish","type":"page","link":"https:\/\/cantinesangiorgi.it\/index.php\/oltrepo-pavese-un-territorio-vocato-alla-vitivicoltura\/","title":{"rendered":"Oltrep\u00f2 Pavese un territorio vocato alla vitivicoltura"},"content":{"rendered":"<p>[et_pb_section fb_built=&#8221;1&#8243; inner_shadow=&#8221;on&#8221; custom_padding_last_edited=&#8221;on|tablet&#8221; admin_label=&#8221;Header&#8221; _builder_version=&#8221;4.4.9&#8243; background_color=&#8221;#f9f5f1&#8243; custom_padding=&#8221;10px||10px||false|false&#8221; custom_padding_tablet=&#8221;40px||40px||true|false&#8221; custom_padding_phone=&#8221;&#8221; background_color_gradient_start_position_tablet=&#8221;80%&#8221; background_color_gradient_start_position_phone=&#8221;75%&#8221; background_color_gradient_end_position_tablet=&#8221;80%&#8221; background_color_gradient_end_position_phone=&#8221;75%&#8221;][et_pb_row _builder_version=&#8221;4.4.9&#8243; custom_padding=&#8221;0px|||||&#8221;][et_pb_column type=&#8221;4_4&#8243; _builder_version=&#8221;4.4.9&#8243;][et_pb_image src=&#8221;https:\/\/cantinesangiorgi.it\/wp-content\/uploads\/2020\/07\/logo3.png&#8221; alt=&#8221;Cantine Sangiorgi C\u00e0 del Pero&#8221; title_text=&#8221;Homepage&#8221; url=&#8221;https:\/\/www.cantinesangiorgi.it&#8221; align=&#8221;center&#8221; _builder_version=&#8221;4.4.9&#8243;][\/et_pb_image][\/et_pb_column][\/et_pb_row][\/et_pb_section][et_pb_section fb_built=&#8221;1&#8243; inner_shadow=&#8221;on&#8221; fullwidth=&#8221;on&#8221; _builder_version=&#8221;4.4.9&#8243;][et_pb_fullwidth_image src=&#8221;https:\/\/cantinesangiorgi.it\/wp-content\/uploads\/2020\/08\/TESTA.jpg&#8221; alt=&#8221;VIGNETI OLTREPO PAVESE SANTA GIULETTA&#8221; title_text=&#8221;VIGNETI OLTREPO PAVESE SANTA GIULETTA&#8221; _builder_version=&#8221;4.4.9&#8243;][\/et_pb_fullwidth_image][\/et_pb_section][et_pb_section fb_built=&#8221;1&#8243; admin_label=&#8221;Our Process&#8221; _builder_version=&#8221;4.4.3&#8243; background_color=&#8221;#f9f5f1&#8243; background_enable_image=&#8221;off&#8221; background_size=&#8221;initial&#8221; locked=&#8221;off&#8221;][et_pb_row column_structure=&#8221;1_2,1_2&#8243; _builder_version=&#8221;4.4.9&#8243; custom_padding=&#8221;||0px||false|false&#8221;][et_pb_column type=&#8221;1_2&#8243; _builder_version=&#8221;4.4.9&#8243; custom_padding=&#8221;30px|30px|30px|30px|true|true&#8221; border_color_all=&#8221;#e8e2d7&#8243;][et_pb_text _builder_version=&#8221;4.4.9&#8243; text_font=&#8221;Lora||||||||&#8221; header_2_text_color=&#8221;#280400&#8243; header_2_font_size=&#8221;60px&#8221; header_2_line_height=&#8221;1.2em&#8221; custom_margin=&#8221;||-6px|||&#8221; header_2_font_size_tablet=&#8221;40px&#8221; header_2_font_size_phone=&#8221;28px&#8221; header_2_font_size_last_edited=&#8221;on|phone&#8221; header_2_line_height_tablet=&#8221;1.4em&#8221; header_2_line_height_phone=&#8221;&#8221; header_2_line_height_last_edited=&#8221;on|phone&#8221;]<\/p>\n<h3><strong>Oltrep\u00f2 Pavese, un territorio vocato alla vitivicoltura<\/strong><\/h3>\n<p>[\/et_pb_text][et_pb_text _builder_version=&#8221;4.4.9&#8243; text_font=&#8221;Lora||||||||&#8221; text_line_height=&#8221;2em&#8221; min_height=&#8221;95px&#8221; custom_padding=&#8221;38px|||||&#8221; locked=&#8221;off&#8221;]<\/p>\n<p class=\"text-align-justify\" style=\"text-align: justify;\">La provincia di Pavia non \u00e8 solo pianura, risaie e frumento. Basta portare lo sguardo a sud di Pavia, oltre il Grande Fiume\u00a0e\u00a0<strong>le colline morbide e armoniose<\/strong>\u00a0promettono da sempre molto altro, promessa\u00a0di una zona\u00a0vitivinicola storica e suggestiva, un\u00a0&#8220;grappolo&#8221; di territorio che si chiama Oltrep\u00f2 Pavese e che afferma la sua leadership vitivinicola a livello regionale e nazionale. Qui si produce una vasta gamma di vini di alta qualit\u00e0 e di sicura origine, un origine storica che nel lontano 40 a.C. Plinio e Strabone, al seguito di una legione romana, descrivevano come &#8220;vino buono, popolo ospitale e botti in legno molto grandi&#8221;.\u00a0<\/p>\n<p style=\"text-align: justify;\">\n<p>[\/et_pb_text][\/et_pb_column][et_pb_column type=&#8221;1_2&#8243; _builder_version=&#8221;4.4.9&#8243; custom_padding=&#8221;30px|30px|30px|30px|true|true&#8221; border_width_all=&#8221;2px&#8221; border_color_all=&#8221;#e8e2d7&#8243;][et_pb_slider _builder_version=&#8221;4.4.9&#8243; hover_enabled=&#8221;0&#8243; border_radii=&#8221;on|5px|5px|5px|5px&#8221;][et_pb_slide _builder_version=&#8221;4.4.9&#8243; background_color=&#8221;rgba(0,0,0,0)&#8221; background_enable_color=&#8221;on&#8221; background_image=&#8221;https:\/\/cantinesangiorgi.it\/wp-content\/uploads\/2020\/08\/santa_giuletta.jpg&#8221; background_enable_image=&#8221;on&#8221;][\/et_pb_slide][et_pb_slide _builder_version=&#8221;4.4.9&#8243; background_color=&#8221;rgba(0,0,0,0)&#8221; background_enable_color=&#8221;on&#8221; background_image=&#8221;https:\/\/cantinesangiorgi.it\/wp-content\/uploads\/2020\/08\/giuletta.jpg&#8221; background_enable_image=&#8221;on&#8221;][\/et_pb_slide][et_pb_slide _builder_version=&#8221;4.4.9&#8243; background_color=&#8221;rgba(0,0,0,0)&#8221; background_enable_color=&#8221;on&#8221; background_image=&#8221;https:\/\/cantinesangiorgi.it\/wp-content\/uploads\/2020\/08\/vugnti.jpg&#8221; background_enable_image=&#8221;on&#8221; hover_enabled=&#8221;0&#8243;][\/et_pb_slide][et_pb_slide _builder_version=&#8221;4.4.9&#8243; background_color=&#8221;rgba(0,0,0,0)&#8221; background_enable_color=&#8221;on&#8221; background_image=&#8221;https:\/\/cantinesangiorgi.it\/wp-content\/uploads\/2020\/08\/vigneti-3.jpg&#8221; background_enable_image=&#8221;on&#8221; hover_enabled=&#8221;0&#8243;][\/et_pb_slide][et_pb_slide _builder_version=&#8221;4.4.9&#8243; background_color=&#8221;rgba(0,0,0,0)&#8221; background_enable_color=&#8221;on&#8221; background_image=&#8221;https:\/\/cantinesangiorgi.it\/wp-content\/uploads\/2020\/08\/tramonto.jpg&#8221; background_enable_image=&#8221;on&#8221; hover_enabled=&#8221;0&#8243; title_text=&#8221;tramonto&#8221;][\/et_pb_slide][et_pb_slide heading=&#8221;In questi vigneti nascono i vini dell&#8217;Azienda C\u00e0 del Pero&#8221; button_text=&#8221;Click&#8221; _builder_version=&#8221;4.4.9&#8243; background_color=&#8221;rgba(0,0,0,0)&#8221; background_enable_color=&#8221;on&#8221; background_image=&#8221;https:\/\/cantinesangiorgi.it\/wp-content\/uploads\/2020\/08\/UVA.jpg&#8221; background_enable_image=&#8221;on&#8221; hover_enabled=&#8221;0&#8243; button_link=&#8221;https:\/\/cantinesangiorgi.it\/index.php\/pruduzione\/&#8221;]<\/p>\n<p>SCOPRI LA PRODUZIONE DELLE CANTINE SANGIORGI DI SANTA GUILETTA<\/p>\n<p>[\/et_pb_slide][\/et_pb_slider][\/et_pb_column][\/et_pb_row][et_pb_row _builder_version=&#8221;4.4.9&#8243; custom_padding=&#8221;0px||0px||false|false&#8221;][et_pb_column type=&#8221;4_4&#8243; _builder_version=&#8221;4.4.9&#8243; custom_padding=&#8221;30px|30px|30px|30px|true|true&#8221; border_color_all=&#8221;#e8e2d7&#8243;][et_pb_text _builder_version=&#8221;4.4.9&#8243; text_font=&#8221;Lora||||||||&#8221; text_line_height=&#8221;2em&#8221; min_height=&#8221;95px&#8221; custom_padding=&#8221;10px||||false|false&#8221; hover_enabled=&#8221;0&#8243; locked=&#8221;off&#8221;]<\/p>\n<p class=\"text-align-justify\" style=\"text-align: justify;\"><strong>13.500 ettari<\/strong> circa a vigneto sulla prima fascia collinare, il <strong>45\u00b0 parallelo<\/strong> che attraversa l&#8217;Oltrep\u00f2 da est a ovest come in Bordeaux, Napa Valley e Georgia, il <strong>Pinot Nero<\/strong> che posiziona l&#8217;Oltrep\u00f2 Pavese come prima zona di produzione in <strong>Italia<\/strong> e terza nel mondo, una gamma completa di vini che soddisfa ogni abbinamento enogastronomico dall&#8217;antipasto al dolce, questo basta per raccontare l&#8217;Oltrep\u00f2 Pavese dal punto di vista vitivinicolo.<\/p>\n<p class=\"text-align-justify\" style=\"text-align: justify;\"><strong>Una storia importante in cui si cala l&#8217;Azienda Agricola C\u00e0 del Pero a Santa Giuletta, nel cuore dell&#8217;Oltrep\u00f2 Pavese<\/strong>. La Famiglia Sangiorgi partendo dalla cura dei vigneti, dalla qualit\u00e0 delle uve, ha elevato la qualit\u00e0 dei vini prodotti, ha ammodernato e orientato la produzione vini di qualit\u00e0, una storia che inizia dalla vigna per concludersi nel prodotto in bottiglia per soddisfare un cliente sempre pi\u00f9 esigente, alla ricerca di prodotti genuini e di qualit\u00e0<\/p>\n<p style=\"text-align: justify;\">\n[\/et_pb_text][\/et_pb_column][\/et_pb_row][\/et_pb_section][et_pb_section fb_built=&#8221;1&#8243; _builder_version=&#8221;4.4.9&#8243; background_color=&#8221;rgba(0,0,0,0)&#8221; use_background_color_gradient=&#8221;on&#8221; background_color_gradient_start=&#8221;rgba(201,164,232,0.3)&#8221; background_color_gradient_end=&#8221;rgba(228,225,232,0.44)&#8221;][et_pb_row column_structure=&#8221;2_5,3_5&#8243; _builder_version=&#8221;4.4.9&#8243; background_image=&#8221;https:\/\/cantinesangiorgi.it\/wp-content\/uploads\/2020\/07\/sfondo.jpg&#8221; parallax=&#8221;on&#8221; position_origin_r=&#8221;top_right&#8221; vertical_offset=&#8221;0px&#8221; width=&#8221;65%&#8221; max_width=&#8221;1080px&#8221; module_alignment=&#8221;center&#8221; min_height=&#8221;400px&#8221; height=&#8221;400px&#8221; max_height=&#8221;400px&#8221; custom_margin=&#8221;0px||||false|false&#8221; custom_padding=&#8221;151px|||||&#8221; border_radii=&#8221;on|13px|13px|13px|13px&#8221; box_shadow_style=&#8221;preset1&#8243; box_shadow_blur=&#8221;30px&#8221;][et_pb_column type=&#8221;2_5&#8243; _builder_version=&#8221;4.4.9&#8243; custom_padding=&#8221;|||10px|false|false&#8221;][et_pb_text _builder_version=&#8221;4.4.9&#8243; text_font=&#8221;Lora|||on|||||&#8221; text_text_color=&#8221;#000000&#8243; text_line_height=&#8221;2em&#8221; header_2_font_size=&#8221;40px&#8221; header_2_line_height=&#8221;1.2em&#8221; text_orientation=&#8221;center&#8221; background_layout=&#8221;dark&#8221; width=&#8221;70%&#8221; max_width=&#8221;96%&#8221; module_alignment=&#8221;center&#8221; min_height=&#8221;242px&#8221; custom_margin=&#8221;-100px|43px|113px||false|false&#8221; custom_padding=&#8221;3px||0px||false|false&#8221; link_option_url=&#8221;https:\/\/cantinesangiorgi.it\/index.php\/vini-consegna-domicilio\/&#8221; hover_enabled=&#8221;0&#8243; header_2_font_size_tablet=&#8221;40px&#8221; header_2_font_size_phone=&#8221;28px&#8221; header_2_font_size_last_edited=&#8221;on|phone&#8221; header_2_line_height_tablet=&#8221;1.4em&#8221; header_2_line_height_phone=&#8221;&#8221; header_2_line_height_last_edited=&#8221;on|phone&#8221; border_radii=&#8221;on|9px|9px|9px|9px&#8221; box_shadow_style=&#8221;preset1&#8243; locked=&#8221;off&#8221;]<\/p>\n<h2 style=\"text-align: center;\"><img loading=\"lazy\" decoding=\"async\" src=\"https:\/\/cantinesangiorgi.it\/wp-content\/uploads\/2020\/08\/consegne.png\" width=\"262\" height=\"141\" alt=\"\" class=\"wp-image-358 alignnone size-full\" \/><\/h2>\n<h2 style=\"text-align: center;\"><span style=\"color: #993366;\">CONSEGNE A DOMICILIO<\/span><\/h2>\n<p>[\/et_pb_text][\/et_pb_column][et_pb_column type=&#8221;3_5&#8243; _builder_version=&#8221;4.4.9&#8243;][et_pb_text disabled_on=&#8221;on|off|off&#8221; _builder_version=&#8221;4.4.9&#8243; text_font=&#8221;Lora||||||||&#8221; text_line_height=&#8221;2em&#8221; header_2_font_size=&#8221;40px&#8221; header_2_line_height=&#8221;1.2em&#8221; background_layout=&#8221;dark&#8221; width=&#8221;80%&#8221; max_width=&#8221;80%&#8221; module_alignment=&#8221;center&#8221; min_height=&#8221;100px&#8221; max_height=&#8221;1000px&#8221; custom_margin=&#8221;-36px||2px||false|false&#8221; header_2_font_size_tablet=&#8221;40px&#8221; header_2_font_size_phone=&#8221;28px&#8221; header_2_font_size_last_edited=&#8221;on|phone&#8221; header_2_line_height_tablet=&#8221;1.4em&#8221; header_2_line_height_phone=&#8221;&#8221; header_2_line_height_last_edited=&#8221;on|phone&#8221; border_style_all=&#8221;none&#8221; locked=&#8221;off&#8221;]<\/p>\n<p style=\"text-align: center;\"><span color=\"#000000\" style=\"color: #000000;\"><b>L&#8217;Azienda Agricola C\u00e0 del Pero Cantine Sangiorgi, per soddisfare al meglio le richieste della clientela, consegna direttamente al domicilio vini in bottiglia e vini sfusi.<\/b><\/span><\/p>\n<p style=\"text-align: center;\"><span color=\"#000000\" style=\"color: #000000;\"><b>Un servizio accurato, gestito direttamente in azienda, senza corrieri, proprio per essere sempre pronti alle esigenze del cliente.<\/b><\/span><\/p>\n<p>[\/et_pb_text][et_pb_button button_url=&#8221;https:\/\/cantinesangiorgi.it\/index.php\/vini-consegna-domicilio&#8221; button_text=&#8221;Modalit\u00e0 consegne a domicilio&#8221; button_alignment=&#8221;center&#8221; _builder_version=&#8221;4.4.9&#8243; custom_button=&#8221;on&#8221; button_text_size=&#8221;14px&#8221; button_text_color=&#8221;#8300e9&#8243; button_bg_color=&#8221;#ffffff&#8221; button_border_color=&#8221;rgba(232,226,215,0.2)&#8221; button_border_radius=&#8221;5px&#8221; button_font=&#8221;Lora||on||||||&#8221; button_use_icon=&#8221;off&#8221; background_layout=&#8221;dark&#8221; custom_padding=&#8221;10px|20px|10px|20px|true|true&#8221; custom_padding_tablet=&#8221;18px|50px|18px|50px|true|true&#8221; custom_padding_phone=&#8221;16px|40px|16px|40px|true|true&#8221; custom_padding_last_edited=&#8221;off|desktop&#8221; button_bg_color_last_edited=&#8221;off|desktop&#8221; locked=&#8221;off&#8221; button_text_color__hover=&#8221;#ffffff&#8221; button_text_color__hover_enabled=&#8221;off|hover&#8221; button_bg_color__hover=&#8221;#280400&#8243; button_bg_color__hover_enabled=&#8221;off|desktop&#8221; button_border_color__hover_enabled=&#8221;on|desktop&#8221; button_border_color__hover=&#8221;#e8e2d7&#8243;][\/et_pb_button][\/et_pb_column][\/et_pb_row][\/et_pb_section]<\/p>\n","protected":false},"excerpt":{"rendered":"<p>Oltrep\u00f2 Pavese, un territorio vocato alla vitivicolturaLa provincia di Pavia non \u00e8 solo pianura, risaie e frumento. Basta portare lo sguardo a sud di Pavia, oltre il Grande Fiume\u00a0e\u00a0le colline morbide e armoniose\u00a0promettono da sempre molto altro, promessa\u00a0di una zona\u00a0vitivinicola storica e suggestiva, un\u00a0&#8220;grappolo&#8221; di territorio che si chiama Oltrep\u00f2 Pavese e che afferma la [&hellip;]<\/p>\n","protected":false},"author":1,"featured_media":0,"parent":0,"menu_order":0,"comment_status":"closed","ping_status":"closed","template":"","meta":{"_et_pb_use_builder":"on","_et_pb_old_content":"","_et_gb_content_width":"","footnotes":""},"class_list":["post-330","page","type-page","status-publish","hentry"],"yoast_head":"<!-- This site is optimized with the Yoast SEO plugin v24.0 - https:\/\/yoast.com\/wordpress\/plugins\/seo\/ -->\n<title>Oltrep\u00f2 Pavese un territorio vocato alla vitivicoltura - Cantina Sangiorgi a Santa Giuletta<\/title>\n<meta name=\"robots\" content=\"index, follow, max-snippet:-1, max-image-preview:large, max-video-preview:-1\" \/>\n<link rel=\"canonical\" href=\"https:\/\/cantinesangiorgi.it\/index.php\/oltrepo-pavese-un-territorio-vocato-alla-vitivicoltura\/\" \/>\n<meta property=\"og:locale\" content=\"it_IT\" \/>\n<meta property=\"og:type\" content=\"article\" \/>\n<meta property=\"og:title\" content=\"Oltrep\u00f2 Pavese un territorio vocato alla vitivicoltura - Cantina Sangiorgi a Santa Giuletta\" \/>\n<meta property=\"og:description\" content=\"Oltrep\u00f2 Pavese, un territorio vocato alla vitivicolturaLa provincia di Pavia non \u00e8 solo pianura, risaie e frumento. Basta portare lo sguardo a sud di Pavia, oltre il Grande Fiume\u00a0e\u00a0le colline morbide e armoniose\u00a0promettono da sempre molto altro, promessa\u00a0di una zona\u00a0vitivinicola storica e suggestiva, un\u00a0&quot;grappolo&quot; di territorio che si chiama Oltrep\u00f2 Pavese e che afferma la [&hellip;]\" \/>\n<meta property=\"og:url\" content=\"https:\/\/cantinesangiorgi.it\/index.php\/oltrepo-pavese-un-territorio-vocato-alla-vitivicoltura\/\" \/>\n<meta property=\"og:site_name\" content=\"Cantina Sangiorgi a Santa Giuletta\" \/>\n<meta property=\"article:modified_time\" content=\"2020-08-20T07:46:06+00:00\" \/>\n<meta property=\"og:image\" content=\"https:\/\/cantinesangiorgi.it\/wp-content\/uploads\/2020\/08\/consegne.png\" \/>\n<meta name=\"twitter:card\" content=\"summary_large_image\" \/>\n<meta name=\"twitter:label1\" content=\"Tempo di lettura stimato\" \/>\n\t<meta name=\"twitter:data1\" content=\"7 minuti\" \/>\n<script type=\"application\/ld+json\" class=\"yoast-schema-graph\">{\"@context\":\"https:\/\/schema.org\",\"@graph\":[{\"@type\":\"WebPage\",\"@id\":\"https:\/\/cantinesangiorgi.it\/index.php\/oltrepo-pavese-un-territorio-vocato-alla-vitivicoltura\/\",\"url\":\"https:\/\/cantinesangiorgi.it\/index.php\/oltrepo-pavese-un-territorio-vocato-alla-vitivicoltura\/\",\"name\":\"Oltrep\u00f2 Pavese un territorio vocato alla vitivicoltura - Cantina Sangiorgi a Santa Giuletta\",\"isPartOf\":{\"@id\":\"https:\/\/cantinesangiorgi.it\/#website\"},\"primaryImageOfPage\":{\"@id\":\"https:\/\/cantinesangiorgi.it\/index.php\/oltrepo-pavese-un-territorio-vocato-alla-vitivicoltura\/#primaryimage\"},\"image\":{\"@id\":\"https:\/\/cantinesangiorgi.it\/index.php\/oltrepo-pavese-un-territorio-vocato-alla-vitivicoltura\/#primaryimage\"},\"thumbnailUrl\":\"https:\/\/cantinesangiorgi.it\/wp-content\/uploads\/2020\/08\/consegne.png\",\"datePublished\":\"2020-08-20T07:05:22+00:00\",\"dateModified\":\"2020-08-20T07:46:06+00:00\",\"breadcrumb\":{\"@id\":\"https:\/\/cantinesangiorgi.it\/index.php\/oltrepo-pavese-un-territorio-vocato-alla-vitivicoltura\/#breadcrumb\"},\"inLanguage\":\"it-IT\",\"potentialAction\":[{\"@type\":\"ReadAction\",\"target\":[\"https:\/\/cantinesangiorgi.it\/index.php\/oltrepo-pavese-un-territorio-vocato-alla-vitivicoltura\/\"]}]},{\"@type\":\"ImageObject\",\"inLanguage\":\"it-IT\",\"@id\":\"https:\/\/cantinesangiorgi.it\/index.php\/oltrepo-pavese-un-territorio-vocato-alla-vitivicoltura\/#primaryimage\",\"url\":\"https:\/\/cantinesangiorgi.it\/wp-content\/uploads\/2020\/08\/consegne.png\",\"contentUrl\":\"https:\/\/cantinesangiorgi.it\/wp-content\/uploads\/2020\/08\/consegne.png\",\"width\":262,\"height\":141},{\"@type\":\"BreadcrumbList\",\"@id\":\"https:\/\/cantinesangiorgi.it\/index.php\/oltrepo-pavese-un-territorio-vocato-alla-vitivicoltura\/#breadcrumb\",\"itemListElement\":[{\"@type\":\"ListItem\",\"position\":1,\"name\":\"Home\",\"item\":\"https:\/\/cantinesangiorgi.it\/\"},{\"@type\":\"ListItem\",\"position\":2,\"name\":\"Oltrep\u00f2 Pavese un territorio vocato alla vitivicoltura\"}]},{\"@type\":\"WebSite\",\"@id\":\"https:\/\/cantinesangiorgi.it\/#website\",\"url\":\"https:\/\/cantinesangiorgi.it\/\",\"name\":\"Cantina Sangiorgi a Santa Giuletta\",\"description\":\"Vini di qualit\u00e0 in Oltrep\u00f2 Pavese\",\"publisher\":{\"@id\":\"https:\/\/cantinesangiorgi.it\/#organization\"},\"potentialAction\":[{\"@type\":\"SearchAction\",\"target\":{\"@type\":\"EntryPoint\",\"urlTemplate\":\"https:\/\/cantinesangiorgi.it\/?s={search_term_string}\"},\"query-input\":{\"@type\":\"PropertyValueSpecification\",\"valueRequired\":true,\"valueName\":\"search_term_string\"}}],\"inLanguage\":\"it-IT\"},{\"@type\":\"Organization\",\"@id\":\"https:\/\/cantinesangiorgi.it\/#organization\",\"name\":\"Cantina C\u00e0 del Pero San Giorgi\",\"url\":\"https:\/\/cantinesangiorgi.it\/\",\"logo\":{\"@type\":\"ImageObject\",\"inLanguage\":\"it-IT\",\"@id\":\"https:\/\/cantinesangiorgi.it\/#\/schema\/logo\/image\/\",\"url\":\"https:\/\/cantinesangiorgi.it\/wp-content\/uploads\/2020\/07\/immagine_home.png\",\"contentUrl\":\"https:\/\/cantinesangiorgi.it\/wp-content\/uploads\/2020\/07\/immagine_home.png\",\"width\":441,\"height\":423,\"caption\":\"Cantina C\u00e0 del Pero San Giorgi\"},\"image\":{\"@id\":\"https:\/\/cantinesangiorgi.it\/#\/schema\/logo\/image\/\"}}]}<\/script>\n<!-- \/ Yoast SEO plugin. -->","yoast_head_json":{"title":"Oltrep\u00f2 Pavese un territorio vocato alla vitivicoltura - Cantina Sangiorgi a Santa Giuletta","robots":{"index":"index","follow":"follow","max-snippet":"max-snippet:-1","max-image-preview":"max-image-preview:large","max-video-preview":"max-video-preview:-1"},"canonical":"https:\/\/cantinesangiorgi.it\/index.php\/oltrepo-pavese-un-territorio-vocato-alla-vitivicoltura\/","og_locale":"it_IT","og_type":"article","og_title":"Oltrep\u00f2 Pavese un territorio vocato alla vitivicoltura - Cantina Sangiorgi a Santa Giuletta","og_description":"Oltrep\u00f2 Pavese, un territorio vocato alla vitivicolturaLa provincia di Pavia non \u00e8 solo pianura, risaie e frumento. Basta portare lo sguardo a sud di Pavia, oltre il Grande Fiume\u00a0e\u00a0le colline morbide e armoniose\u00a0promettono da sempre molto altro, promessa\u00a0di una zona\u00a0vitivinicola storica e suggestiva, un\u00a0\"grappolo\" di territorio che si chiama Oltrep\u00f2 Pavese e che afferma la [&hellip;]","og_url":"https:\/\/cantinesangiorgi.it\/index.php\/oltrepo-pavese-un-territorio-vocato-alla-vitivicoltura\/","og_site_name":"Cantina Sangiorgi a Santa Giuletta","article_modified_time":"2020-08-20T07:46:06+00:00","og_image":[{"url":"https:\/\/cantinesangiorgi.it\/wp-content\/uploads\/2020\/08\/consegne.png","type":"","width":"","height":""}],"twitter_card":"summary_large_image","twitter_misc":{"Tempo di lettura stimato":"7 minuti"},"schema":{"@context":"https:\/\/schema.org","@graph":[{"@type":"WebPage","@id":"https:\/\/cantinesangiorgi.it\/index.php\/oltrepo-pavese-un-territorio-vocato-alla-vitivicoltura\/","url":"https:\/\/cantinesangiorgi.it\/index.php\/oltrepo-pavese-un-territorio-vocato-alla-vitivicoltura\/","name":"Oltrep\u00f2 Pavese un territorio vocato alla vitivicoltura - Cantina Sangiorgi a Santa Giuletta","isPartOf":{"@id":"https:\/\/cantinesangiorgi.it\/#website"},"primaryImageOfPage":{"@id":"https:\/\/cantinesangiorgi.it\/index.php\/oltrepo-pavese-un-territorio-vocato-alla-vitivicoltura\/#primaryimage"},"image":{"@id":"https:\/\/cantinesangiorgi.it\/index.php\/oltrepo-pavese-un-territorio-vocato-alla-vitivicoltura\/#primaryimage"},"thumbnailUrl":"https:\/\/cantinesangiorgi.it\/wp-content\/uploads\/2020\/08\/consegne.png","datePublished":"2020-08-20T07:05:22+00:00","dateModified":"2020-08-20T07:46:06+00:00","breadcrumb":{"@id":"https:\/\/cantinesangiorgi.it\/index.php\/oltrepo-pavese-un-territorio-vocato-alla-vitivicoltura\/#breadcrumb"},"inLanguage":"it-IT","potentialAction":[{"@type":"ReadAction","target":["https:\/\/cantinesangiorgi.it\/index.php\/oltrepo-pavese-un-territorio-vocato-alla-vitivicoltura\/"]}]},{"@type":"ImageObject","inLanguage":"it-IT","@id":"https:\/\/cantinesangiorgi.it\/index.php\/oltrepo-pavese-un-territorio-vocato-alla-vitivicoltura\/#primaryimage","url":"https:\/\/cantinesangiorgi.it\/wp-content\/uploads\/2020\/08\/consegne.png","contentUrl":"https:\/\/cantinesangiorgi.it\/wp-content\/uploads\/2020\/08\/consegne.png","width":262,"height":141},{"@type":"BreadcrumbList","@id":"https:\/\/cantinesangiorgi.it\/index.php\/oltrepo-pavese-un-territorio-vocato-alla-vitivicoltura\/#breadcrumb","itemListElement":[{"@type":"ListItem","position":1,"name":"Home","item":"https:\/\/cantinesangiorgi.it\/"},{"@type":"ListItem","position":2,"name":"Oltrep\u00f2 Pavese un territorio vocato alla vitivicoltura"}]},{"@type":"WebSite","@id":"https:\/\/cantinesangiorgi.it\/#website","url":"https:\/\/cantinesangiorgi.it\/","name":"Cantina Sangiorgi a Santa Giuletta","description":"Vini di qualit\u00e0 in Oltrep\u00f2 Pavese","publisher":{"@id":"https:\/\/cantinesangiorgi.it\/#organization"},"potentialAction":[{"@type":"SearchAction","target":{"@type":"EntryPoint","urlTemplate":"https:\/\/cantinesangiorgi.it\/?s={search_term_string}"},"query-input":{"@type":"PropertyValueSpecification","valueRequired":true,"valueName":"search_term_string"}}],"inLanguage":"it-IT"},{"@type":"Organization","@id":"https:\/\/cantinesangiorgi.it\/#organization","name":"Cantina C\u00e0 del Pero San Giorgi","url":"https:\/\/cantinesangiorgi.it\/","logo":{"@type":"ImageObject","inLanguage":"it-IT","@id":"https:\/\/cantinesangiorgi.it\/#\/schema\/logo\/image\/","url":"https:\/\/cantinesangiorgi.it\/wp-content\/uploads\/2020\/07\/immagine_home.png","contentUrl":"https:\/\/cantinesangiorgi.it\/wp-content\/uploads\/2020\/07\/immagine_home.png","width":441,"height":423,"caption":"Cantina C\u00e0 del Pero San Giorgi"},"image":{"@id":"https:\/\/cantinesangiorgi.it\/#\/schema\/logo\/image\/"}}]}},"_links":{"self":[{"href":"https:\/\/cantinesangiorgi.it\/index.php\/wp-json\/wp\/v2\/pages\/330"}],"collection":[{"href":"https:\/\/cantinesangiorgi.it\/index.php\/wp-json\/wp\/v2\/pages"}],"about":[{"href":"https:\/\/cantinesangiorgi.it\/index.php\/wp-json\/wp\/v2\/types\/page"}],"author":[{"embeddable":true,"href":"https:\/\/cantinesangiorgi.it\/index.php\/wp-json\/wp\/v2\/users\/1"}],"replies":[{"embeddable":true,"href":"https:\/\/cantinesangiorgi.it\/index.php\/wp-json\/wp\/v2\/comments?post=330"}],"version-history":[{"count":8,"href":"https:\/\/cantinesangiorgi.it\/index.php\/wp-json\/wp\/v2\/pages\/330\/revisions"}],"predecessor-version":[{"id":361,"href":"https:\/\/cantinesangiorgi.it\/index.php\/wp-json\/wp\/v2\/pages\/330\/revisions\/361"}],"wp:attachment":[{"href":"https:\/\/cantinesangiorgi.it\/index.php\/wp-json\/wp\/v2\/media?parent=330"}],"curies":[{"name":"wp","href":"https:\/\/api.w.org\/{rel}","templated":true}]}}